 is n(-4)?
28
Let b(u) = 3*u - 9. Let k be 4/(-2) - (23 + -28). Suppose 0 = 4*j - 5*y + 50, 5 = -j + k*y - 11. Calculate b(j).
-39
Let v = -2 - 2. Let n = -3 - v. Let c(h) = 73 - 109 + 3*h + 37 + 7*h. What is c(n)?
11
Let p(z) = 22*z**2 - 44*z - 20. Let i(t) = -56*t**2 + 109*t + 50. Let d(b) = -5*i(b) - 13*p(b). Give d(5).
-5
Let u(x) = -5*x**2 + 3*x. Let y = 3579 - 3575. Give u(y).
-68
Let x(a) = a**2 - 13*a + 6. Suppose 0 = -45*d + 12*d + 2739. Let q = d - 71. What is x(q)?
-6
Let q(f) = -8*f - 5. Suppose -4*l - i = -l + 7, -5*l = -2*i - 3. Determine q(l).
3
Let v(h) be the second derivative of -1/20*h**5 - 3/2*h**2 + 0 + 1/3*h**3 - 77*h + 1/4*h**4. What is v(2)?
5
Let n be 2/6 + -3 + 24/9. Suppose 0*w + 2*v = w, -2*w + 6 = 2*v. Let t(z) = w*z**3 - 46*z - z**3 + 47*z + 5. Calculate t(n).
5
Suppose 2*l - 16 = 3*g + 7, 4*l = 2*g + 18. Let x(r) = -89. Let s(h) = -4*h - 535. Let a(d) = -s(d) + 6*x(d). What is a(g)?
-27
Let i(g) = -13*g**2 + g + 1. Let s = -5528 + 5526. What is i(s)?
-53
Suppose -3*r + 3*j = -2*j + 15, -r + 9 = 3*j. Let d(k) = 20 + 1251*k + 1029*k - 2281*k. Give d(r).
20
Let j be -6 + 0 - -1*2. Let n(r) = -4*r**3 + 6*r**2 + 15*r + 32. Let c(b) = 5*b**3 - 6*b**2 - 17*b - 38. Let l(o) = 5*c(o) + 6*n(o). Calculate l(j).
14
Let q(g) = -2*g - 2*g - g**2 + 3*g + 2. Suppose 8*f - 3 - 13 = 0. Suppose f*c - v = -5*v + 4, 0 = 2*c - 3*v + 3. Calculate q(c).
2
Suppose -4*j - 18 = 2*y, -31*y + 28*y - j - 32 = 0. Let t(u) = -u**2 - 10*u + 5. Calculate t(y).
-6
Let f(d) = 3*d - 3*d + 31 + 3*d + 2. Let j be f(11). Let h(q) = j*q**2 + 5*q - 27*q**2 - q**3 - 5 - 34*q**2. Determine h(6).
-11
Suppose 3 = -b, b = 5*x + 6*b - 85. Suppose -14*d = -9*d - x. Let w be (-26)/d + 22/44. Let t(g) = -g**3 - 6*g**2 - g. Determine t(w).
6
Let a(m) = 4*m - 5*m + 7 + 5*m - 5*m. Let k(z) = z + 5. Let r(c) = -2*a(c) + 3*k(c). Determine r(2).
11
Let c(y) = y**2 - 10*y + 1. Let m be (125/(-10) - -5)*(-8 + 2). Suppose 2*w - 18 = q - 5*q, 5*w = -4*q + m. Calculate c(w).
-8
Let g(x) = 7*x + 1. Let v(r) = 5*r**2 - 2*r**2 + 2*r**2 - 6*r**2 + 37. Let k be v(-6). What is g(k)?
8
Let s(b) = b**2 + 14*b - 51. Suppose -12*x = -9*x - 3*v + 75, v + 65 = -4*x. Give s(x).
21
Suppose 29 - 128 = 9*x. Let z(r) = r + 6. Let v be z(x). Let f(b) = 1. Let j(d) = d + 8. Let t(g) = 4*f(g) - j(g). What is t(v)?
1
Let r(q) = 4*q + 7*q - 1529 - 5*q + 1444. Calculate r(16).
11
Suppose 3*d + w - 956 = -d, -3*d = 2*w - 722. Let x(f) = f - d + 238. Suppose 0 = -2*r + 3*p - 26, 2*p = 4*r - 5*r + 1. Determine x(r).
-7
Let v be 6 - ((-15)/(-55) - (-74)/11). Let j(m) = m + 4. Let w(h) = h - 3. Let o(q) = v*j(q) - 2*w(q). Suppose -4*k + k - 18 = 0. Give o(k).
20
Let v(f) = -f**3 + 4*f**2 - f - 2. Let p(k) = -k**2 - 22*k - 37. Suppose 3*n + 28 + 38 = 2*g, g - 3 = 0. Let b be p(n). Determine v(b).
4
Let w(k) = -5*k**3 - 9*k**2 + 3*k + 14. Let i(v) = -13*v**3 - 26*v**2 + 8*v + 39. Let x(q) = 3*i(q) - 8*w(q). Calculate x(6).
5
Let o(z) be the first derivative of 8*z - 6 + 1/2*z**2. Let d be -2 + (-6 - (-3 + 4)). Determine o(d).
-1
Let i(d) be the third derivative of d**5/60 - 17*d**4/8 - 37*d**3/6 - 1145*d**2. Calculate i(52).
15
Let p be 7/(-2)*(200/(-5))/4. Suppose 0 = 3*f, 5*f - p = -5*r - 5. Let j(a) = -20 - 18 + 39 + r*a**2. Determine j(-2).
25
Let g(a) be the second derivative of -a**4/12 - a**3/6 - 7*a**2/2 + 10*a - 279. Determine g(-2).
-9
Let x(c) = 4 - 6 - 12*c + 9 - 12*c**2 + 15*c**2. Let h(w) = -5*w**2 + 22*w - 13. Let l(d) = 4*h(d) + 7*x(d). Calculate l(-3).
-6
Let j(w) = 3*w - 5. Let u(p) = 29. Let v(y) = j(y) + u(y). What is v(-6)?
6
Let x(y) = -y**2 + 4*y + 6. Let t be x(6). Let b(w) be the first derivative of 4*w + 9 + 1/4*w**4 + 7/3*w**3 + 3*w**2. What is b(t)?
4
Let m(j) be the second derivative of -11*j**5/20 + j**4/4 + j**3/2 - 2802*j. Give m(-2).
94
Let p(s) = 5*s + 6. Let y(c) = 7*c + 4. Let d(w) = -6*p(w) + 7*y(w). Give d(5).
87
Let b = -1510 - -1526. Let q(y) = y**2 - 16*y + 23. Give q(b).
23
Let n(h) be the first derivative of h**4 - h**3/3 + h**2/2 - h + 983. Suppose 0*t + t = 2*m - 5, 0 = -4*t + 5*m - 14. Let r = t + 2. Determine n(r).
3
Let y(q) = 40 - 3*q - 11*q + 24 - 4*q + 14*q. Give y(13).
12
Let y(q) be the second derivative of q**3/6 + q**2/2 + 635*q + 1. Suppose v - 4 = 1. Suppose -v*a - 34 = -r, 5*a + 21 + 4 = 0. Calculate y(r).
10
Let l(d) = -12*d - 102*d**2 + 55*d**2 + 54*d**2 + 14. Calculate l(4).
78
Let m(h) = -19 - 9*h + 2*h**2 + h - 13*h. Let s = -744 - -749. Let k(f) = f**2 - 11*f - 10. Let p(r) = s*k(r) - 3*m(r). What is p(9)?
-2
Let i(v) = -v**2 - 10*v - 17. Let d(w) = -w**2 - 36*w + 398. Let x be d(-45). Determine i(x).
4
Let m(d) be the third derivative of d**4/6 - 4*d**3/3 + 8*d**2. Let r be -8 - -1 - (-69 - -58). Determine m(r).
8
Let u be (-1 - (1 - 0)) + -6. Let p(r) = 7 - 6*r**2 - 134*r + 107*r + 5*r**2 + 20*r. Calculate p(u).
-1
Let d(j) = 12*j - 14. Let f be d(-4). Let h = f - -65. Let m(a) = 0 + 2 - h*a - 4 + 3. Determine m(-1).
4
Let v(r) = r - 1. Let x(t) = t**3 + 7*t**2 + 23*t + 54. Let d be x(-6). Let w = -52 - d. Determine v(w).
-5
Let j(x) = -3*x + 62. Let u be j(17). Suppose 10 = -16*d + u*d. Let h(p) = p**3 + p**2 + 2. Calculate h(d).
-2
Let k(v) = -v**2 + v. Let s(d) = -2*d**2 - 17*d + 2. Let n(x) = -2*k(x) - s(x). Let g(b) = -b**3 - 16*b**2 - 26*b + 24. Let w be g(-14). What is n(w)?
2
Suppose -y - 3 = 2. Let t(b) be the first derivative of 1/3*b**3 + 36 - 6*b + 2*b**2. Give t(y).
-1
Suppose -2*f - 30*d + 31*d + 20 = 0, 2*d + 48 = 5*f. Let o(n) = -22*n + 179. Give o(f).
3
Let m(q) be the first derivative of q**5/30 - q**4/3 - 2*q**3 - 5*q**2/2 - 2*q + 5. Let t(h) be the second derivative of m(h). What is t(5)?
-2
Let b(l) be the third derivative of l**4/6 + 18*l**3 - l**2 - 499. What is b(-20)?
28
Let s(p) = p**3 - 10*p**2 - 9*p - 5. Let r be (5 - (-54)/(-12))*(9 - 1). Suppose r*z = -5*j + 35, 8*z - 4*z = -2*j + 2. Give s(j).
17
Let y(f) be the third derivative of f**6/120 + f**5/60 + f**4/24 + f**3/6 + f**2. Let z be -14 - (57/3 + -31). Determine y(z).
-5
Let g be 5/(-10) - 33/6. Let b(n) = 2200 - n**2 - 5*n - 4406 + 2204. Give b(g).
-8
Let t(m) = -4*m**3 + 2*m + 7 - 8*m**2 + m**3 - 2*m**3 + 2*m**3 + 4*m**3. Suppose h + 3*y = -5, 11*y - 12*y - 32 = -4*h. Determine t(h).
-28
Suppose -44*p = 64*p + 96*p - 1224. Let m(o) = 12*o - 73. Determine m(p).
-1
Let d(r) be the second derivative of r**6/180 - r**5/60 + 35*r**4/12 + 72*r. Let c(v) be the third derivative of d(v). Give c(2).
6
Let d(x) = -4*x - 14. Let y = 6770 + -6777. Calculate d(y).
14
Let w(r) = -2*r**3 + 6*r**2 - 4*r - 2. Let m(u) = 2*u**3 - 5*u**2 + 3*u + 1. Let q(i) = -4*m(i) - 3*w(i). Let j(h) = 4*h - 46. Let v be j(12). What is q(v)?
-6
Let m(j) = j**2 + 6*j - 358. Let t be m(16). Let x(r) be the second derivative of 0 - 5*r - 1/12*r**4 - 5/2*r**2 - 3/2*r**3. Determine x(t).
13
Let i be (8*1)/(13 - (-11 - -22)). Let s(t) = -i*t**2 - 3 + t**3 + 1090*t - 547*t - 540*t. Suppose 2*o - 6*o = -5*z + 13, 2*z = -4*o + 22. Determine s(o).
-3
Let i(l) = -l**3 + 3*l**2 + 12*l - 1. Let v = -9293 + 9298. Give i(v).
9
Let i(s) be the third derivative of 0*s - 12 + 7/6*s**3 - 1/24*s**4 - 3*s**2. Determine i(0).
7
Suppose 948 = 4*w + 3*a - 7*a, -5 = -5*a. Let p(o) = -2*o**2 - 236*o + 468*o - w*o + o**2. Give p(-7).
-7
Suppose 0*i - 6 = -3*i. Let c be 2*(-6)/(-15) + (-3360)/(-300). Let a(w) = c*w + i + 2 - 13*w. What is a(0)?
4
Let q(z) be the second derivative of z**5/20 - z**4/2 - z**3 - 5*z**2/2 + 8*z. Let m = 8457 - 8450. Determine q(m).
2
Let i(g) be the third derivative of g**5/24 + 5*g**4/24 - 35*g**3/6 - 45*g**2. Let s(t) be the first derivative of i(t). Give s(-2).
-5
Let g(r) be the first derivative of 11*r**2 + 58*r - 1533. What is g(-3)?
-8
Let c(r) = -5 + 10*r**2 + 6*r**3 + 3*r**2 - 7*r**3 + 7365*r - 7351*r. What is c(14)?
-5
Let b(g) = -14*g - 31*g - 45 + 46*g. Give b(14).
-31
Let h(c) = 4*c + 49. Suppose 72*v - 141 = -1221. What is h(v)?
-11
Let i(k) be the first derivative of k**4/4 + 4*k**3/3 - 5*k**2/2 + 9*k + 1797. Calculate i(-6).
-33
Let p = -1 - -3. Let u(c) be the second derivative of -3/2*c**2 + 1/3*c**3 - 1 - 3*c + 1/12*c**4. Give u(p).
5
Let i(c) = -14*c - 182. Let h be 299/130*-5 + -2 + 3/6. Give i(h).
0
Let j(t) = t**3 - t**2 - 18*t - 5. Suppose 37 + 3 = 8*l. Let